uppose -3*l + 189 = j - 2*l, 3*j - l - 551 = 0. Is j prime?
False
Let y = -7 - -14. Suppose 2*x - 283 = -3*g, y*g + x = 3*g + 369. Is g composite?
True
Let o be 1/(2 + 27/(-13)). Let q = 44 - 94. Let f = o - q. Is f composite?
False
Let s(k) be the third derivative of -k**6/120 + k**5/5 + k**4/3 - 4*k**3/3 + 5*k**2. Is s(7) a composite number?
False
Suppose -23877 = -29*l + 20*l. Is l a composite number?
True
Let k = -146 + 527. Is k a prime number?
False
Let v(m) = -m. Let x be v(-1). Let w(s) = 6*s + 0 + 0 + x. Is w(1) composite?
False
Let i = 1385 + -682. Is i composite?
True
Let p be (100/(-6))/((-1)/3). Suppose -4*y + p + 30 = 0. Suppose g - 3*g = 2*f - y, -32 = -4*f + 4*g. Is f prime?
False
Let l(j) = -25*j + 10. Let b(k) = 6*k**3 - 2*k**2 - 2*k - 1. Let f be b(-1). Is l(f) composite?
True
Let z(l) be the first derivative of l**3 + 0*l - l + 1 + l**3. Is z(2) composite?
False
Let x(w) = -2*w**2 - 3*w. Let v be x(-3). Let t(f) = -f**3 - 8*f**2 + 2*f - 13. Let c be t(v). Let o = -29 + c. Is o a prime number?
False
Suppose -3*j - 60 = -7*j. Suppose -3*h = -0*h - j. Is (2 - h)/1 - -226 prime?
True
Let g(f) = f**3 - 4*f**2 + 3*f - 2. Let q be g(2). Is q/(-2) + -3 + 48 prime?
True
Let n = 7 - 4. Let p(b) = 4*b + 0*b**3 - 2*b**n + 7 - 5*b**2 + 1 - 7. Is p(-5) a prime number?
False
Let m(p) = p**2 - 10*p + 13. Is m(12) a composite number?
False
Suppose -7*x + 2*x - 196 = -u, -2*u - 5*x + 407 = 0. Is u composite?
True
Let b(t) = 3*t + t**3 + 3 - 4*t**2 + 2*t + 0*t**2. Is b(4) composite?
False
Suppose 0 + 12 = 4*z, 0 = -2*u - 4*z + 3478. Is u a composite number?
False
Suppose 3*b = -g + 123, -g - 2*b + 234 = g. Suppose 476 = 2*n - g. Is n prime?
False
Suppose -3*f + 3*m + 3 = -2*f, 4 = 5*f - 4*m. Suppose f = -x + 23 + 12. Is x a composite number?
True
Let x = -10 - -11. Suppose -2*u - x - 3 = 0. Is (-158)/u*(8 + -7) a prime number?
True
Suppose -3*l - 2*l = -2*h - 32, h - 3*l + 17 = 0. Let s = -2 - h. Is (-6)/27 - (-353)/s a composite number?
True
Let t be (-5)/5 + (1 - -1). Suppose 4 = i + t. Suppose -i*u = -2*x - 0*x - 8, 4*u - 4*x - 12 = 0. Is u prime?
True
Suppose u = -3*t - 2*u + 603, 2*u + 1019 = 5*t. Is t prime?
False
Suppose -5*g - 56 = -t, -3*t - 5*g = 2*t - 400. Let m be (-146)/(-1) - (2 - -1). Let d = m - t. Is d composite?
False
Suppose -4*p = -2*p - 4. Suppose -3*w + 5*r = -8, 0*r = p*w - 5*r + 3. Is w prime?
True
Let m be (1 + 60)/((-3)/63). Is 1*2/((-6)/m) composite?
True
Let p be (-10)/(-4) - (-6)/(-12). Is ((-69)/(-9))/(p/6) composite?
False
Let z(t) = -t**3 + 6*t**2 - 2*t + 7. Suppose -2*f - h + 7 = -2, -5 = 5*h. Is z(f) a composite number?
True
Let i(o) = -o**3 - 4*o**2 - o. Let v be i(-4). Suppose -v*u + 13 = 5. Suppose 0 = -5*z + 5*p + 125, -3*p + 13 = -z + u*z. Is z a prime number?
False
Let c(u) = u**3 + 6*u**2 + u + 1. Is c(-5) a composite number?
True
Let s(g) = -310*g + 33. Is s(-4) prime?
False
Let x(j) = j**3 + 5*j**2 + j - 1. Let c be x(-4). Suppose h = -h - 14. Is (h - -1)/((-2)/c) a composite number?
True
Suppose -2 - 2 = 2*z - 5*a, 0 = -z + 3*a - 2. Let m(d) = -d**3 - 3*d**2 + 2. Let o be m(z). Is o*3/3 + 16 prime?
False
Suppose -2*r - 60 = -3*r. Suppose -2*k = -3*k + r. Suppose -5*s + s = -k. Is s composite?
True
Let x be -2 + (4/2 - -1). Suppose -9 - x = -5*h + 5*d, 5*d + 2 = 3*h. Let v(f) = 7*f**2 + 4*f - 1. Is v(h) composite?
False
Let n(v) = -2*v**3 + 3*v**2 + v + 7. Is n(-4) a prime number?
True
Let o(q) = q**2 + q - 4. Let u be o(-3). Suppose 2*a = -u*a - 440. Let d = -31 - a. Is d a prime number?
True
Suppose -i + 59 = 11. Let y = i + -29. Is y prime?
True
Let w be (3 - 1)/(0 + 1). Suppose -4*k - 22 + 114 = 0. Let g = k - w. Is g composite?
True
Let s(a) = -2*a**2 + 9*a - 17. Let p(j) = -j**2 + 4*j - 8. Let q(b) = -5*p(b) + 2*s(b). Is q(0) composite?
True
Suppose -1 = -2*s - 3. Let m be (0/s)/((-12)/4). Suppose -c = m, -3*h - 5*c = 1 - 7. Is h a composite number?
False
Suppose 0 = -2*c - 2*c - 2*x + 12, -10 = -5*c - 5*x. Let p = c + -6. Let r(l) = -5*l - 3. Is r(p) a composite number?
False
Suppose 3*n - 1121 = 286. Is n a prime number?
False
Let f(z) = -z - 3. Let c be f(-6). Suppose -c*q = -104 - 91. Is q a composite number?
True
Suppose -1 = -y, 2*g - 13 = -g - y. Suppose -2*z = s - 42, g = z + 5*s + 1. Is z prime?
True
Suppose 0 = -0*g + 2*g - 14. Is g composite?
False
Let j be (-1)/2 - (-14)/4. Suppose -j*f - 26 = -5*f. Is f a prime number?
True
Let q = 26 + -25. Suppose -480 = -3*r - 3*l, -5 + q = -4*l. Is r a prime number?
False
Suppose -s - 4*s = -130. Is s/4*154/7 composite?
True
Let i = -21 - -64. Let x = 5 + -11. Let h = i + x. Is h prime?
True
Let l(a) = -2*a**3 + 8*a**2 - 2*a - 7. Let u be l(5). Suppose 0*r = -2*r - 2, -y = r. Is (-1 + y)/(-2) - u prime?
True
Let i(b) be the third derivative of b**6/120 + b**5/30 - b**4/12 - b**3/6 + 2*b**2. Let s be i(-2). Suppose -o - s = 4*r, 2*o + o + r - 35 = 0. Is o composite?
False
Let c be 3/6 - 2/4. Suppose 0 = -d - c*d. Suppose -5*f + d = -30. Is f prime?
False
Suppose 0 = -4*n + 2*n - 860. Let m = -219 - n. Is m composite?
False
Is (-1)/(3/(-18) + (-3886)/(-23388)) a prime number?
True
Suppose -2*m + 5*t - 5 = -m, 2*m - 17 = t. Let y = 4 - m. Let p(o) = o**2 + o + 7. Is p(y) prime?
True
Suppose -3*o + 28 = -5*x, -2*x - x = -4*o + 30. Suppose y = o*y - 25. Suppose 4*p - 13 = -i, -3*i - i + 19 = y*p. Is p composite?
False
Is (2/(-4))/((-2)/296) a prime number?
False
Let w = -5931 + 10022. Is w a prime number?
True
Let h(y) = y**3 + 7*y**2 - y - 3. Let n = 3 + -10. Let c be h(n). Suppose 43 - 3 = c*g. Is g prime?
False
Suppose -5*o - 42 - 1225 = -3*d, 0 = -4*d - 2*o + 1698. Let n = d - 171. Is n composite?
True
Let j(z) = -z**3 - 5. Let d be j(0). Let k(a) = a**2 + 2*a - 4. Is k(d) a prime number?
True
Suppose -36 = -5*w + 74. Suppose -w*u + 23*u = 301. Is u a composite number?
True
Suppose 4*w + 573 = -2*h + 1801, 0 = -4*h - 8. Suppose 0 = -2*q - 2*q + w. Is q a composite number?
True
Is 5/((-30)/(-51))*74 composite?
True
Is (3/(-3))/(9/(-5247)) a composite number?
True
Is (-24)/(-10) + -2 - 17658/(-30) composite?
True
Suppose 9 = -3*w + 6*w. Suppose -7*x + 412 = -w*x. Is x prime?
True
Let x be 4/18 + 79/9. Is (-12)/x*(-9)/2 a composite number?
True
Let p be ((-4)/(-10))/(1/5). Let l(w) = w - 2. Let k be l(p). Suppose k = 4*c + 37 - 249. Is c a composite number?
False
Suppose 2*i - 16 = 2*m - 6*m, -3*m = 3*i - 12. Suppose 0 = -m*s + s. Is s + (1*-12)/(-2) composite?
True
Suppose 0 = -2*x - d + 1434, -3*x + d + 2161 = -0*d. Is x a composite number?
False
Let m = 5273 + -2440. Is m a composite number?
False
Suppose 0 = 18*i - 17*i - 287. Is i a composite number?
True
Suppose 2*f = 2*m + 4, 5*m + 4 = -5*f - 6. Suppose 0 = -5*z - f*z + 185. Is z composite?
False
Is (-1)/4 - (18745/(-20) + 0) a composite number?
False
Is (1 + -2 - 0)/((-10)/8090) a prime number?
True
Let r = 3 - 2. Suppose 2 = -2*i + 4. Is r - i - (-4 + 2) prime?
True
Suppose -5*l + l = -88. Let t = 10 - 5. Suppose -t*v + 4*u + 8 = -43, -2*u - l = -2*v. Is v composite?
False
Suppose -h + 8 = -3. Let u(c) = c**3. Let p(n) = -3*n**3 - 10*n**2 - 7*n + 9. Let z(w) = p(w) + 4*u(w). Is z(h) a composite number?
False
Let b = 119 - -188. Is b composite?
False
Suppose 6 + 4 = 2*f. Let v = f - 2. Suppose -v*k - 2*k + 425 = 0. Is k prime?
False
Let z be 3*(-4)/(-4) + 3265. Suppose -p - 4*p + z = -j, 4*p + 2*j - 2606 = 0. Is p composite?
False
Let n = 1170 - 392. Is n a prime number?
False
Suppose -4*m + 2*h - 4 = 0, 6 = -0*h + 3*h. Suppose 3*w - 262 + 88 = m. Is w a composite number?
True
Let l = 5416 + -3861. Is l composite?
True
Suppose -5*s + 8426 = -3*s + f, 0 = 3*f - 12. Is s composite?
False
Let w = 305 - 211. Is w a composite number?
True
Let d(u) = 4*u - 1 - u - u - 3*u. Let p be d(-1). Suppose 4*y = -3*q + 77 + 71, p = -3*q. Is y a composite number?
False
Suppose 0 = -5*y - 10, 75 - 1024 = -3*t - y. Is t a composite number?
False
Suppose 1350 = 5*p - 3*m, 2*p = 2*m + 318 + 226. Is p prime?
False
Let c = -2 + 6. Suppose -5 = -k - 1, 2*p + c*k = 1122. Is p a prime number?
False
Let a(o) = o - 14. Let j be a(8). Let d be (14/j)/((-4)/60). Suppose 0 = -q + 2 + d. Is q composite?
False
Let d = -36 + 58. Is (-11)/d*(-74 + 0) a prime number?
True
Let j = -2 + 5. Suppose 2*k = -j*k + 35. Is k pri